{"id":3,"date":"2023-03-07T11:19:59","date_gmt":"2023-03-07T11:19:59","guid":{"rendered":"http:\/\/implantkw.com\/?page_id=3"},"modified":"2025-08-04T08:16:26","modified_gmt":"2025-08-04T08:16:26","slug":"privacy-policy","status":"publish","type":"page","link":"https:\/\/implantkw.com\/?page_id=3","title":{"rendered":"Mentions L\u00e9gales"},"content":{"rendered":"\t\t<div data-elementor-type=\"wp-page\" data-elementor-id=\"3\" class=\"elementor elementor-3\">\n\t\t\t\t\t\t\t\t\t<section class=\"elementor-section elementor-top-section elementor-element elementor-element-4f53cfa elementor-section-height-min-height elementor-section-items-stretch elementor-section-content-middle elementor-section-boxed elementor-section-height-default\" data-id=\"4f53cfa\" data-element_type=\"section\" data-settings=\"{&quot;background_background&quot;:&quot;classic&quot;}\">\n\t\t\t\t\t\t<div class=\"elementor-container elementor-column-gap-no\">\n\t\t\t\t\t<div class=\"elementor-column elementor-col-100 elementor-top-column elementor-element elementor-element-5068879\" data-id=\"5068879\" data-element_type=\"column\">\n\t\t\t<div class=\"elementor-widget-wrap elementor-element-populated\">\n\t\t\t\t\t\t\t\t<div class=\"elementor-element elementor-element-8e239f2 elementor-widget elementor-widget-spacer\" data-id=\"8e239f2\" data-element_type=\"widget\" data-widget_type=\"spacer.default\">\n\t\t\t\t<div class=\"elementor-widget-container\">\n\t\t\t<style>\/*! elementor - v3.13.1 - 09-05-2023 *\/\n.elementor-column .elementor-spacer-inner{height:var(--spacer-size)}.e-con{--container-widget-width:100%}.e-con-inner>.elementor-widget-spacer,.e-con>.elementor-widget-spacer{width:var(--container-widget-width,var(--spacer-size));--align-self:var(--container-widget-align-self,initial);--flex-shrink:0}.e-con-inner>.elementor-widget-spacer>.elementor-widget-container,.e-con-inner>.elementor-widget-spacer>.elementor-widget-container>.elementor-spacer,.e-con>.elementor-widget-spacer>.elementor-widget-container,.e-con>.elementor-widget-spacer>.elementor-widget-container>.elementor-spacer{height:100%}.e-con-inner>.elementor-widget-spacer>.elementor-widget-container>.elementor-spacer>.elementor-spacer-inner,.e-con>.elementor-widget-spacer>.elementor-widget-container>.elementor-spacer>.elementor-spacer-inner{height:var(--container-widget-height,var(--spacer-size))}<\/style>\t\t<div class=\"elementor-spacer\">\n\t\t\t<div class=\"elementor-spacer-inner\"><\/div>\n\t\t<\/div>\n\t\t\t\t<\/div>\n\t\t\t\t<\/div>\n\t\t\t\t<div class=\"elementor-element elementor-element-11e8c59 elementor-widget elementor-widget-spacer\" data-id=\"11e8c59\" data-element_type=\"widget\" data-widget_type=\"spacer.default\">\n\t\t\t\t<div class=\"elementor-widget-container\">\n\t\t\t\t\t<div class=\"elementor-spacer\">\n\t\t\t<div class=\"elementor-spacer-inner\"><\/div>\n\t\t<\/div>\n\t\t\t\t<\/div>\n\t\t\t\t<\/div>\n\t\t\t\t<div class=\"elementor-element elementor-element-bafc596 elementor-invisible elementor-widget elementor-widget-heading\" data-id=\"bafc596\" data-element_type=\"widget\" data-settings=\"{&quot;_animation&quot;:&quot;fadeIn&quot;}\" data-widget_type=\"heading.default\">\n\t\t\t\t<div class=\"elementor-widget-container\">\n\t\t\t<style>\/*! elementor - v3.13.1 - 09-05-2023 *\/\n.elementor-heading-title{padding:0;margin:0;line-height:1}.elementor-widget-heading .elementor-heading-title[class*=elementor-size-]>a{color:inherit;font-size:inherit;line-height:inherit}.elementor-widget-heading .elementor-heading-title.elementor-size-small{font-size:15px}.elementor-widget-heading .elementor-heading-title.elementor-size-medium{font-size:19px}.elementor-widget-heading .elementor-heading-title.elementor-size-large{font-size:29px}.elementor-widget-heading .elementor-heading-title.elementor-size-xl{font-size:39px}.elementor-widget-heading .elementor-heading-title.elementor-size-xxl{font-size:59px}<\/style><h5 class=\"elementor-heading-title elementor-size-default\">MENTIONS LEGALES<\/h5>\t\t<\/div>\n\t\t\t\t<\/div>\n\t\t\t\t\t<\/div>\n\t\t<\/div>\n\t\t\t\t\t\t\t<\/div>\n\t\t<\/section>\n\t\t\t\t<section class=\"elementor-section elementor-top-section elementor-element elementor-element-32583ae9 elementor-section-boxed elementor-section-height-default elementor-section-height-default\" data-id=\"32583ae9\" data-element_type=\"section\">\n\t\t\t\t\t\t<div class=\"elementor-container elementor-column-gap-default\">\n\t\t\t\t\t<div class=\"elementor-column elementor-col-100 elementor-top-column elementor-element elementor-element-26d620fe\" data-id=\"26d620fe\" data-element_type=\"column\">\n\t\t\t<div class=\"elementor-widget-wrap elementor-element-populated\">\n\t\t\t\t\t\t\t\t<div class=\"elementor-element elementor-element-3b44762c elementor-widget elementor-widget-text-editor\" data-id=\"3b44762c\" data-element_type=\"widget\" data-widget_type=\"text-editor.default\">\n\t\t\t\t<div class=\"elementor-widget-container\">\n\t\t\t<style>\/*! elementor - v3.13.1 - 09-05-2023 *\/\n.elementor-widget-text-editor.elementor-drop-cap-view-stacked .elementor-drop-cap{background-color:#69727d;color:#fff}.elementor-widget-text-editor.elementor-drop-cap-view-framed .elementor-drop-cap{color:#69727d;border:3px solid;background-color:transparent}.elementor-widget-text-editor:not(.elementor-drop-cap-view-default) .elementor-drop-cap{margin-top:8px}.elementor-widget-text-editor:not(.elementor-drop-cap-view-default) .elementor-drop-cap-letter{width:1em;height:1em}.elementor-widget-text-editor .elementor-drop-cap{float:left;text-align:center;line-height:1;font-size:50px}.elementor-widget-text-editor .elementor-drop-cap-letter{display:inline-block}<\/style>\t\t\t\t<p><!-- wp:heading --><\/p>\n<p><strong>Mentions l\u00e9gales Implant KW by Biotech Dental<\/strong><\/p>\n<p>Vous \u00eates actuellement connect\u00e9 sur le site Implant Kontact W<\/p>\n<ul>\n<li>Raison sociale : Biotech Dental<\/li>\n<li>Si\u00e8ge social : 305, All\u00e9es de Craponne \u2013 13300 Salon de Provence<\/li>\n<li>T\u00e9l\u00e9phone : +33 (0)4 90 44 60 60<\/li>\n<li>Adresse Mail : info@biotech-dental.com<\/li>\n<li>Dirigeant: Philippe VERAN<\/li>\n<li>SAS au capital de 24 866 417 \u20ac<\/li>\n<li>RCS Salon de Provence B 795 001 304<\/li>\n<li>N\u00b0 Ident. TVA FR 31 79 500 130 4<\/li>\n<li>Directeur de la Publication : Philippe VERAN<\/li>\n<\/ul>\n<p>Visuels non contractuels.<\/p>\n<p><strong>Conception et d\u00e9veloppement du site<\/strong><\/p>\n<p>Nom : AL D\u00e9veloppement<\/p>\n<p>Adresse Si\u00e8ge social : 306 rue des cottages, 30900 N\u00eemes T\u00e9l\u00e9phone : +33 6 62 48 02 75<\/p>\n<p>Adresse mail contact : aldeveloppement@outlook.com<\/p>\n<p><strong>H\u00e9bergeur<\/strong><br \/>Nom\u00a0: Secure 4 All<br \/>Adresse Si\u00e8ge social\u00a0: 305, All\u00e9es de Craponne \u2013 13300 Salon de Provence<\/p>\n<p><strong>Droits de propri\u00e9t\u00e9 intellectuelle<\/strong><br \/>Les produits, noms de produits, ou de services, les logos, images, vid\u00e9os, documents\u2026 et tout autre signe distinctif de la soci\u00e9t\u00e9 Biotech Dental, qui sont affich\u00e9s sur le Site sont prot\u00e9g\u00e9s par les lois Fran\u00e7aises, Europ\u00e9ennes ou tout autre loi applicable.<\/p>\n<p>Toute utilisation non autoris\u00e9e ou reproduction est strictement interdite.<\/p>\n<p><strong>Liens externes<\/strong><br \/>Ce site contient des liens vers des sites tiers (\u00ab liens externes \u00bb). Ces sites web sont sous la responsabilit\u00e9 de leur exploitant respectif. La pr\u00e9sence de liens externes sur le site ne signifie pas que Biotech Dental adh\u00e8re aux contenus reli\u00e9s par les liens hypertextes. Lors de leur premi\u00e8re mise en lien, Biotech Dental a v\u00e9rifi\u00e9 que les contenus associ\u00e9s aux liens externes n\u2019\u00e9taient pas en violation de la l\u00e9gislation en vigueur. \u00c0 cette date, aucune violation de la loi n\u2019a \u00e9t\u00e9 constat\u00e9e. Biotech Dental n\u2019a pas d\u2019influence sur la conception actuelle et future ni sur les contenus des pages reli\u00e9es. En revanche, si une violation de loi est port\u00e9e \u00e0 la connaissance du groupe, Biotech Dental supprimera les liens correspondants dans les meilleurs d\u00e9lais.<\/p>\n<p><strong>Donn\u00e9es personnelles<\/strong><\/p>\n<p>Devant le d\u00e9veloppement des nouveaux outils de communication, il est n\u00e9cessaire de porter une attention particuli\u00e8re \u00e0 la protection de la vie priv\u00e9e. Biotech Dental, en sa qualit\u00e9 de responsable du traitement, s\u2019engage \u00e0 respecter la confidentialit\u00e9 des renseignements personnels qu\u2019elle collecte et la l\u00e9gislation en vigueur quant au traitement des donn\u00e9es personnelles, notamment le R\u00e8glement G\u00e9n\u00e9ral europ\u00e9en sur la Protection des Donn\u00e9es personnelles n\u00b0 2016\/679 (\u00ab RGPD \u00bb). La pr\u00e9sente politique (ainsi que nos conditions g\u00e9n\u00e9rales de vente) vise \u00e0 vous informer de nos pratiques concernant la collecte, l\u2019utilisation et le partage des informations que vous \u00eates amen\u00e9s \u00e0 nous fournir par le biais de notre plateforme accessible depuis le site internet https:\/\/biotech-dental.com.com (ci-apr\u00e8s d\u00e9nomm\u00e9, le \u00ab Site \u00bb). Elle pr\u00e9sente la mani\u00e8re dont nous traitons les donn\u00e9es personnelles que nous recueillons et que vous nous fournissez. Nous vous recommandons de la lire attentivement.<\/p>\n<p><strong>Mentions l\u00e9gales<\/strong><\/p>\n<p><strong>1.Les Informations collect\u00e9es<\/strong><br \/>Lorsque vous utilisez notre Site, vous \u00eates amen\u00e9s \u00e0 nous transmettre des informations dont certaines sont de nature \u00e0 vous identifier (les \u00ab Donn\u00e9es Personnelles \u00bb). Elles peuvent notamment inclure :<\/p>\n<ul>\n<li>\n<ul>\n<li>Les donn\u00e9es n\u00e9cessaires \u00e0 l\u2019inscription au service que nous fournissons sur notre Site. Ces donn\u00e9es sont notamment vos nom et pr\u00e9nom, adresse e-mail, adresse postale, sexe, num\u00e9ro de t\u00e9l\u00e9phone et mot de passe. Ces informations sont obligatoires. A d\u00e9faut, nous ne serons pas en mesure de vous fournir les produits et\/ou services propos\u00e9s par notre Site et vous ne serez pas autoris\u00e9s \u00e0 cr\u00e9er de compte sur notre Site,<\/li>\n<li>Les donn\u00e9es relatives aux demandes de renseignements. Lorsque vous nous adressez une question, par mail ou par t\u00e9l\u00e9phone, nous sommes susceptibles de recueillir votre nom et votre adresse \u00e9lectronique. Ces informations nous permettent de r\u00e9pondre \u00e0 votre question et de vous recontacter.<\/li>\n<li>Les donn\u00e9es relatives \u00e0 votre utilisation de nos services en ligne. Nos services en ligne collectent des donn\u00e9es de navigation qui peuvent permettre d\u2019identifier votre terminal lorsque vous acc\u00e9dez \u00e0 notre Site ou que vous le consultez. Dans ce cadre, nous sommes susceptibles de recueillir l\u2019adresse IP du terminal connect\u00e9 \u00e0 Internet, le type de navigateur et le syst\u00e8me d\u2019exploitation utilis\u00e9s, ainsi que d\u2019autres donn\u00e9es trait\u00e9es automatiquement tel que votre fournisseur d\u2019acc\u00e8s \u00e0 Internet, le site Internet \u00e0 partir duquel vous avez acc\u00e9d\u00e9 sur notre Site, le nombre de pages consult\u00e9es sur notre Site, l\u2019utilisation de notre Site, le temps pass\u00e9 sur chaque page de notre Site etc. Ces donn\u00e9es peuvent \u00eatre utilis\u00e9es pour assurer le fonctionnement de notre Site, la mise en place de nos services et le suivi de l\u2019analyse de fr\u00e9quentation de notre Site. La pr\u00e9sente section donne des exemples de donn\u00e9es personnelles que nous sommes susceptibles de collecter sur notre Site et l\u2019utilisation possible de ces donn\u00e9es personnelles. Si vous ne souhaitez pas que nous collections vos donn\u00e9es personnelles, nous vous demandons de ne pas nous les communiquer, de ne pas utiliser nos services et de ne pas acc\u00e9der \u00e0 notre Site. Avec votre consentement pr\u00e9alable, nous sommes susceptibles de transmettre vos donn\u00e9es personnelles \u00e0 nos partenaires commerciaux, membres du groupe Biotech Dental.<\/li>\n<\/ul>\n<\/li>\n<\/ul>\n<p><strong>2. Responsable du traitement des donn\u00e9es personnelles<\/strong><br \/>Le responsable du traitement de vos donn\u00e9es personnelles est : Biotech Dental, 305, All\u00e9es de Craponne \u2013 13300 Salon de Provence \u2013 France. S.A.S au capital de 24 866 417 \u20ac<br \/>RCS Salon de Provence : B 795 001 304\u00a0 \u2013 N\u00b0 TVA : TVA FR 31 79 500 130 4<\/p>\n<p>Mail de contact : info@biotech-dental.com<br \/>Num\u00e9ro de t\u00e9l\u00e9phone : +33 (0)4 13 22 82 40<br \/>Notre d\u00e9l\u00e9gu\u00e9e \u00e0 la protection des donn\u00e9es est : Madame Aur\u00e9lia DUBOIS (<a href=\"mailto:dpo.bd@biotech-dental.com\">dpo.bd@biotech-dental.com<\/a>).<\/p>\n<p><strong>3. Modalit\u00e9 de collecte des donn\u00e9es personnelles<\/strong><br \/>Collecte passive : lorsque vous consultez notre Site et que vous interagissez avec, la collecte de donn\u00e9es personnelles peut se faire de fa\u00e7on passive puisque vous ne savez pas forc\u00e9ment que les donn\u00e9es en question sont collect\u00e9es pendant ces visites ou interactions. Les informations collect\u00e9es peuvent notamment inclure les \u00e9l\u00e9ments suivants : adresse IP des visiteurs du Site, informations li\u00e9es \u00e0 l\u2019adresse IP, adresse MAC (Media Access Control) du syst\u00e8me, informations sur la configuration du r\u00e9seau etc. Nous utilisons \u00e9galement la technologie dite de \u00ab cookies \u00bb pour collecter des informations anonymes sur les visiteurs. Les cookies sont des identifiants alphanum\u00e9riques qui sont transf\u00e9r\u00e9s sur le disque dur de l\u2019ordinateur de l\u2019utilisateur par le biais de son navigateur internet. En faisant cela, nous pouvons personnaliser vos futures visites et vous permettre de gagner du temps lors de votre navigation. Il est possible d\u2019emp\u00eacher les cookies d\u2019\u00eatre utilis\u00e9s dans votre navigateur en d\u00e9sactivant cette fonctionnalit\u00e9. Collecte directe : nous pouvons \u00e9galement collecter des donn\u00e9es aupr\u00e8s de vous, lorsque vous nous fournissez des informations via le Site. Par exemple, si vous nous contactez pour b\u00e9n\u00e9ficier de produits et services, poser des questions ou nous faire part de vos remarques ou de vos commentaires au sujet du Site ou de nos produits et services, nous sommes susceptibles d\u2019enregistrer les informations communiqu\u00e9es, notamment d\u2019\u00e9ventuelles donn\u00e9es personnelles, afin de traiter efficacement votre demande. Si vous ne souhaitez pas que vos donn\u00e9es personnelles soient directement collect\u00e9es, nous vous demandons de ne pas nous les communiquer.<\/p>\n<p><strong>4. Dur\u00e9e de conservation des donn\u00e9es personnelles<\/strong><br \/>Les donn\u00e9es personnelles collect\u00e9es sur notre Site sont archiv\u00e9es 5 ans apr\u00e8s la derni\u00e8re utilisation de notre Site sans pr\u00e9judice des obligations de conservation ou des d\u00e9lais de prescription. Elles sont conserv\u00e9es pendant 3 ans \u00e0 des fins d\u2019animation et de prospection. Certaines cat\u00e9gories de donn\u00e9es personnelles sont susceptibles d\u2019\u00eatre conserv\u00e9es pour des dur\u00e9es diff\u00e9rentes et notamment les donn\u00e9es financi\u00e8res qui sont conserv\u00e9es pour la dur\u00e9e requise par les lois applicables en mati\u00e8re fiscale et comptable. En mati\u00e8re de comptabilit\u00e9, elles sont conserv\u00e9es 10 ans \u00e0 compter de la cl\u00f4ture de l\u2019exercice comptable.<\/p>\n<p><strong>5. Utilisation des donn\u00e9es personnelles recueillies<\/strong><br \/>Nous utilisons les donn\u00e9es que nous recueillons afin de :<\/p>\n<ul>\n<li>Ex\u00e9cuter les contrats conclus entre vous et nous ou entre nous et nos partenaires commerciaux et vous fournir les informations et produits et\/ou services demand\u00e9s : traitement n\u00e9cessaire \u00e0 l\u2019ex\u00e9cution de nos obligations contractuelles respectives,<\/li>\n<li>Vous envoyer des renseignements sur nos produits et\/ou services par e-mail ou tout autre moyen de communication : traitement n\u00e9cessaire \u00e0 l\u2019ex\u00e9cution de nos obligations contractuelles respectives. Il est r\u00e9alis\u00e9 avec votre consentement<\/li>\n<li>Vous informer des modifications apport\u00e9es \u00e0 nos produits et\/ou service : traitement n\u00e9cessaire \u00e0 l\u2019ex\u00e9cution de nos obligations contractuelles respectives, au respect de nos obligations l\u00e9gales et\/ou \u00e0 la constatation, l\u2019exercice ou la d\u00e9fense d\u2019un droit en justice,<\/li>\n<li>Am\u00e9liorer et optimiser nos Plateformes, notamment pour nous assurer de ce que l\u2019affichage de nos contenus est adapt\u00e9 \u00e0 votre appareil ; traitement fond\u00e9 sue notre int\u00e9r\u00eat l\u00e9gitime (vous fournir des contenus pertinents),<\/li>\n<li>Nous aider \u00e0 la pr\u00e9servation d\u2019un environnement sain et s\u00e9curis\u00e9 sur nos Plateformes : traitement fond\u00e9 sur notre int\u00e9r\u00eat l\u00e9gitime (assurer la s\u00e9curit\u00e9 de nos Plateformes), n\u00e9cessaire au respect de nos obligations l\u00e9gales et\/ou n\u00e9cessaire \u00e0 la constatation, l\u2019exercice ou la d\u00e9fense d\u2019un droit en justice.<\/li>\n<\/ul>\n<p><strong>6. Partage des donn\u00e9es personnelles<\/strong><br \/>Lorsque la l\u00e9gislation et la r\u00e9glementation l\u2019exigent, nous sollicitons votre accord avant de communiquer les informations vous concernant. Toutefois, dans certains cas, votre consentement est accord\u00e9 dans le cadre du contrat conclu entre nous. Vos donn\u00e9es personnelles sont destin\u00e9es aux soci\u00e9t\u00e9s du groupe BIOTECH DENTAL, \u00e0 leurs fournisseurs de services bas\u00e9s dans l\u2019Union europ\u00e9enne ou dans des pays tiers et, le cas \u00e9ch\u00e9ant, \u00e0 leurs partenaires. Nous nous engageons \u00e0 ne pas vendre, louer ou divulguer vos donn\u00e9es personnelles \u00e0 d\u2019autres entit\u00e9s sans votre consentement ou si vous avez exprim\u00e9 votre opposition.<\/p>\n<p><strong>7. Droits relatifs aux donn\u00e9es personnelles<\/strong><br \/>En application des articles 15 \u00e0 22 du R\u00e8glement G\u00e9n\u00e9ral sur la Protection des donn\u00e9es du 27 avril 2016, sous r\u00e9serve de remplir les conditions fix\u00e9es par ces articles, vous avez la facult\u00e9 :<\/p>\n<ul>\n<li>D\u2019acc\u00e9der \u00e0 l\u2019ensemble de vos donn\u00e9es personnelles<\/li>\n<li>De rectifier des donn\u00e9es inexactes et\/ou incompl\u00e8tes<\/li>\n<li>D\u2019obtenir l\u2019effacement de vos donn\u00e9es. Sous r\u00e9serve de justifier de votre identit\u00e9, et lorsque cela est techniquement possible, vous avez la possibilit\u00e9 de demander la portabilit\u00e9 de vos donn\u00e9es \u00e0 caract\u00e8re personnel. Vous pouvez \u00e9galement demander que les traitements fassent l\u2019objet d\u2019une limitation, et vous opposer, \u00e0 tout moment, au traitement de ces donn\u00e9es pour des raisons tenant \u00e0 votre situation personnelle. Toutefois, le responsable peut ne pas faire droit \u00e0 votre demande lorsqu\u2019il d\u00e9montre des motifs l\u00e9gitimes et imp\u00e9rieux qui pr\u00e9valent sur les int\u00e9r\u00eats et les droits et libert\u00e9s de l\u2019utilisateur ou bien pour la constatation, l\u2019exercice ou la d\u00e9fense de ses droits en justice. Le responsable indique que ce droit d\u2019opposition peut \u00e9galement \u00eatre exerc\u00e9 par l\u2019utilisateur lorsque les donn\u00e9es ne sont trait\u00e9es qu\u2019\u00e0 des fins de prospection. De plus, lorsque le traitement a pour base juridique unique le consentement donn\u00e9 par l\u2019utilisateur, ce dernier peut \u00e0 tout moment retirer celui-ci.<\/li>\n<\/ul>\n<p>Pour pouvoir exercer ces droits, vous pouvez le signaler par courrier ou email : Biotech Dental \u2013 305, All\u00e9es de Craponne \u2013 13300 Salon-de-Provence ou par courrier \u00e9lectronique \u00e0 l\u2019adresse : info@biotech-dental.com<\/p>\n<p><strong>8. S\u00e9curit\u00e9 des donn\u00e9es personnelles<\/strong><br \/>Nous tenons \u00e0 assurer la s\u00e9curit\u00e9 des donn\u00e9es que vous nous transmettez. Afin d\u2019emp\u00eacher tout acc\u00e8s, usage, modification, destruction, perte, dommage ou divulgation non autoris\u00e9(e), et prot\u00e9ger les donn\u00e9es recueillies, des mesures techniques et organisationnelles appropri\u00e9es ont \u00e9t\u00e9 prises. Les donn\u00e9es personnelles que nous collectons sont conserv\u00e9es dans un environnement s\u00e9curis\u00e9. Nos collaborateurs sont tenus de respecter la confidentialit\u00e9 de vos informations. Pour assurer la s\u00e9curit\u00e9 de vos donn\u00e9es personnelles, nous avons recours aux mesures suivantes :\u00a0 Protocole SSL (Secure Sockets Layer), \u2022 Sauvegarde informatique. Nous nous engageons \u00e0 maintenir un haut degr\u00e9 de confidentialit\u00e9 en int\u00e9grant les derni\u00e8res innovations technologiques permettant d\u2019assurer la confidentialit\u00e9 de vos transactions. Toutefois, comme aucun m\u00e9canisme n\u2019offre une s\u00e9curit\u00e9 maximale, une part de risque est toujours pr\u00e9sente lorsqu\u2019 Internet est utilis\u00e9 pour transmettre des renseignements personnels. En cas de violation de vos donn\u00e9es personnelles, nous avons l\u2019obligation de la notifier \u00e0 l\u2019autorit\u00e9 de contr\u00f4le comp\u00e9tente et de vous informer, dans les meilleurs d\u00e9lais, de toute violation de donn\u00e9es personnelles susceptible d\u2019engendrer un risque \u00e9lev\u00e9 pour vos droits et libert\u00e9s, pour vous permettre de prendre les mesures utiles.<\/p>\n<p><strong>09. Transfert des donn\u00e9es personnelles en dehors de l\u2019Union Europ\u00e9enne<\/strong><br \/>En r\u00e8gle g\u00e9n\u00e9rale, nous conservons vos Donn\u00e9es Personnelles au sein de l\u2019Union Europ\u00e9enne. Si dans certains cas, vos donn\u00e9es personnelles devaient \u00eatre transf\u00e9r\u00e9es en dehors de l\u2019Union Europ\u00e9enne, nous nous assurons que ce transfert soit effectu\u00e9 en conformit\u00e9 avec la r\u00e9glementation applicable et garantisse un niveau de protection suffisant de la vie priv\u00e9e et des droits fondamentaux des personnes.<\/p>\n<p><strong>10. Modification de la politique de confidentialit\u00e9<\/strong><br \/>Le Site et notre activit\u00e9 peuvent \u00e9voluer. De ce fait (et pour d\u2019autres raisons commerciales et\/ou technologiques), nous pouvons \u00eatre amen\u00e9s \u00e0 modifier la pr\u00e9sente Politique de confidentialit\u00e9. Nous nous r\u00e9servons le droit de mettre \u00e0 jour, alt\u00e9rer, amender ou modifier la pr\u00e9sente Politique de confidentialit\u00e9 \u00e0 tout moment et lorsqu\u2019il y a lieu, sans notification pr\u00e9alable. Nous vous invitons \u00e0 consulter cette politique r\u00e9guli\u00e8rement, et plus particuli\u00e8rement avant de communiquer des donn\u00e9es personnelles. Si nous estimons que les modifications pr\u00e9vues constituent une r\u00e9vision majeure de cette Politique de confidentialit\u00e9, nous placerons un avis sur le Site pour informer les utilisateurs de ces modifications et leur permettre de prendre certaines mesures avant la mise en \u0153uvre de ces modifications. Dans certains cas, nous pouvons \u00e9galement envoyer un e-mail pour notifier les utilisateurs enregistr\u00e9s des changements \u00e0 venir. La derni\u00e8re mise \u00e0 jour de la pr\u00e9sente Politique de confidentialit\u00e9 a \u00e9t\u00e9 effectu\u00e9e \u00e0 la date indiqu\u00e9e plus haut. La poursuite de l\u2019utilisation des Sites apr\u00e8s application des modifications ou des r\u00e9visions apport\u00e9es \u00e0 cette Politique de confidentialit\u00e9 vaut acceptation des dispositions de la Politique r\u00e9vis\u00e9e, telle qu\u2019elle s\u2019applique d\u00e9sormais.<\/p>\n<p>Fait \u00e0 Salon-de-Provence,<\/p>\n<p>le 08 mars 2023<\/p>\n<p><!-- \/wp:paragraph --><\/p>\t\t\t\t\t\t<\/div>\n\t\t\t\t<\/div>\n\t\t\t\t\t<\/div>\n\t\t<\/div>\n\t\t\t\t\t\t\t<\/div>\n\t\t<\/section>\n\t\t\t\t\t\t\t<\/div>\n\t\t","protected":false},"excerpt":{"rendered":"<p>MENTIONS LEGALES Mentions l\u00e9gales Implant KW by Biotech Dental Vous \u00eates actuellement connect\u00e9 sur le site Implant Kontact W Raison sociale : Biotech Dental Si\u00e8ge social : 305, All\u00e9es de Craponne \u2013 13300 Salon de Provence T\u00e9l\u00e9phone : +33 (0)4 90 44 60 60 Adresse Mail : info@biotech-dental.com Dirigeant: Philippe VERAN SAS au capital de [&hellip;]<\/p>\n","protected":false},"author":1,"featured_media":0,"parent":0,"menu_order":0,"comment_status":"closed","ping_status":"closed","template":"elementor_header_footer","meta":[],"_links":{"self":[{"href":"https:\/\/implantkw.com\/index.php?rest_route=\/wp\/v2\/pages\/3"}],"collection":[{"href":"https:\/\/implantkw.com\/index.php?rest_route=\/wp\/v2\/pages"}],"about":[{"href":"https:\/\/implantkw.com\/index.php?rest_route=\/wp\/v2\/types\/page"}],"author":[{"embeddable":true,"href":"https:\/\/implantkw.com\/index.php?rest_route=\/wp\/v2\/users\/1"}],"replies":[{"embeddable":true,"href":"https:\/\/implantkw.com\/index.php?rest_route=%2Fwp%2Fv2%2Fcomments&post=3"}],"version-history":[{"count":12,"href":"https:\/\/implantkw.com\/index.php?rest_route=\/wp\/v2\/pages\/3\/revisions"}],"predecessor-version":[{"id":997,"href":"https:\/\/implantkw.com\/index.php?rest_route=\/wp\/v2\/pages\/3\/revisions\/997"}],"wp:attachment":[{"href":"https:\/\/implantkw.com\/index.php?rest_route=%2Fwp%2Fv2%2Fmedia&parent=3"}],"curies":[{"name":"wp","href":"https:\/\/api.w.org\/{rel}","templated":true}]}}